{"id":445,"date":"2020-06-08T17:09:45","date_gmt":"2020-06-08T15:09:45","guid":{"rendered":"https:\/\/www.forum-transfrontalier.org\/autres-frontieres\/?page_id=445"},"modified":"2020-06-09T10:08:19","modified_gmt":"2020-06-09T08:08:19","slug":"christelle-fillod-glow","status":"publish","type":"page","link":"https:\/\/www.forum-transfrontalier.org\/autres-frontieres\/christelle-fillod-glow\/","title":{"rendered":"Christelle Fillod glow"},"content":{"rendered":"\t\t<div data-elementor-type=\"wp-page\" data-elementor-id=\"445\" class=\"elementor elementor-445\" data-elementor-settings=\"[]\">\n\t\t\t\t\t\t<div class=\"elementor-inner\">\n\t\t\t\t\t\t\t<div class=\"elementor-section-wrap\">\n\t\t\t\t\t\t\t<section class=\"elementor-section elementor-top-section elementor-element elementor-element-b6f9936 elementor-reverse-mobile elementor-section-boxed elementor-section-height-default elementor-section-height-default\" data-id=\"b6f9936\" data-element_type=\"section\">\n\t\t\t\t\t\t<div class=\"elementor-container elementor-column-gap-wide\">\n\t\t\t\t\t\t\t<div class=\"elementor-row\">\n\t\t\t\t\t<div class=\"elementor-column elementor-col-50 elementor-top-column elementor-element elementor-element-affc69e\" data-id=\"affc69e\" data-element_type=\"column\">\n\t\t\t<div class=\"elementor-column-wrap elementor-element-populated\">\n\t\t\t\t\t\t\t<div class=\"elementor-widget-wrap\">\n\t\t\t\t\t\t<div class=\"elementor-element elementor-element-2681ad2 elementor-aspect-ratio-169 elementor-widget elementor-widget-video\" data-id=\"2681ad2\" data-element_type=\"widget\" data-settings=\"{&quot;video_type&quot;:&quot;vimeo&quot;,&quot;aspect_ratio&quot;:&quot;169&quot;}\" data-widget_type=\"video.default\">\n\t\t\t\t<div class=\"elementor-widget-container\">\n\t\t\t\t\t<div class=\"elementor-wrapper elementor-fit-aspect-ratio elementor-open-inline\">\n\t\t\t<iframe class=\"elementor-video-iframe\" allowfullscreen title=\"Lecteur vid\u00e9o vimeo\" src=\"https:\/\/player.vimeo.com\/video\/427041934?color&amp;autopause=0&amp;loop=0&amp;muted=0&amp;title=1&amp;portrait=1&amp;byline=1#t=\"><\/iframe>\t\t<\/div>\n\t\t\t\t<\/div>\n\t\t\t\t<\/div>\n\t\t\t\t\t\t<\/div>\n\t\t\t\t\t<\/div>\n\t\t<\/div>\n\t\t\t\t<div class=\"elementor-column elementor-col-50 elementor-top-column elementor-element elementor-element-678dfd8\" data-id=\"678dfd8\" data-element_type=\"column\">\n\t\t\t<div class=\"elementor-column-wrap elementor-element-populated\">\n\t\t\t\t\t\t\t<div class=\"elementor-widget-wrap\">\n\t\t\t\t\t\t<div class=\"elementor-element elementor-element-05ed8e0 elementor-widget elementor-widget-text-editor\" data-id=\"05ed8e0\" data-element_type=\"widget\" data-widget_type=\"text-editor.default\">\n\t\t\t\t<div class=\"elementor-widget-container\">\n\t\t\t\t\t\t\t\t<div class=\"elementor-text-editor elementor-clearfix\">\n\t\t\t\t\t<p><strong>\u2013<br \/><\/strong><strong>Christelle Fillod\u00a0<\/strong>(*1974 \u00e0 Bourg en Bresse, France)<\/p><p>Vit et travaille dans le Jura fran\u00e7ais \u00e0 Broissia.<\/p><p><a href=\"https:\/\/www.facebook.com\/christelle.fillod\">facebook.com\/christelle.fillod<\/a><br \/><a href=\"https:\/\/www.facebook.com\/caravaneobscura\/\">facebook.com\/caravaneobscura<\/a><br \/><a href=\"https:\/\/www.instagram.com\/christellefillod\/\">instagram.com\/christellefillod<\/a><\/p><p><strong>\u2013<br \/>GLOW<\/strong><\/p><p>Cette vid\u00e9o exp\u00e9rimentale exprime au plus pr\u00e8s la fronti\u00e8re entre le MOI et LE MONDE QUI M\u2019ENTOURE. Les mouvements des doigts et les positions des mains permettent \u00e0 plus ou moins de lumi\u00e8re d\u2019arriver sur le visage aux yeux ferm\u00e9s. R\u00e9flexion m\u00e9ditative de grande finesse <em>sur la lumi\u00e8re et la perception visuelle<\/em> qui nous invite \u00e0 suivre la vid\u00e9o du d\u00e9but \u00e0 la fin et de renoncer au zapping qui nous est devenu une seconde nature.<\/p><p style=\"text-align: right;\"><em>Walter Tschopp<\/em><\/p>\t\t\t\t\t<\/div>\n\t\t\t\t\t\t<\/div>\n\t\t\t\t<\/div>\n\t\t\t\t<div class=\"elementor-element elementor-element-a1206e6 elementor-widget elementor-widget-button\" data-id=\"a1206e6\" data-element_type=\"widget\" data-widget_type=\"button.default\">\n\t\t\t\t<div class=\"elementor-widget-container\">\n\t\t\t\t\t<div class=\"elementor-button-wrapper\">\n\t\t\t<a href=\"#elementor-action%3Aaction%3Dpopup%3Aopen%26settings%3DeyJpZCI6IjQ0MCIsInRvZ2dsZSI6ZmFsc2V9\" target=\"_blank\" class=\"elementor-button-link elementor-button elementor-size-sm elementor-animation-skew-forward\" role=\"button\">\n\t\t\t\t\t\t<span class=\"elementor-button-content-wrapper\">\n\t\t\t\t\t\t<span class=\"elementor-button-text\">\u2192 CV de l'artiste<\/span>\n\t\t<\/span>\n\t\t\t\t\t<\/a>\n\t\t<\/div>\n\t\t\t\t<\/div>\n\t\t\t\t<\/div>\n\t\t\t\t<div class=\"elementor-element elementor-element-3ca2b98 elementor-widget elementor-widget-spacer\" data-id=\"3ca2b98\" data-element_type=\"widget\" data-widget_type=\"spacer.default\">\n\t\t\t\t<div class=\"elementor-widget-container\">\n\t\t\t\t\t<div class=\"elementor-spacer\">\n\t\t\t<div class=\"elementor-spacer-inner\"><\/div>\n\t\t<\/div>\n\t\t\t\t<\/div>\n\t\t\t\t<\/div>\n\t\t\t\t\t\t<\/div>\n\t\t\t\t\t<\/div>\n\t\t<\/div>\n\t\t\t\t\t\t\t\t<\/div>\n\t\t\t\t\t<\/div>\n\t\t<\/section>\n\t\t\t\t\t\t<\/div>\n\t\t\t\t\t\t<\/div>\n\t\t\t\t\t<\/div>\n\t\t","protected":false},"excerpt":{"rendered":"<p>https:\/\/vimeo.com\/427041934 \u2013Christelle Fillod\u00a0(*1974 \u00e0 Bourg en Bresse, France) Vit et travaille dans le Jura fran\u00e7ais \u00e0 Broissia. facebook.com\/christelle.fillodfacebook.com\/caravaneobscurainstagram.com\/christellefillod \u2013GLOW Cette vid\u00e9o exp\u00e9rimentale exprime au plus pr\u00e8s la fronti\u00e8re entre le MOI et LE MONDE QUI M\u2019ENTOURE. Les mouvements des doigts et les positions des mains permettent \u00e0 plus ou moins de lumi\u00e8re d\u2019arriver sur le [&hellip;]<\/p>\n","protected":false},"author":1,"featured_media":0,"parent":0,"menu_order":0,"comment_status":"closed","ping_status":"closed","template":"","meta":[],"_links":{"self":[{"href":"https:\/\/www.forum-transfrontalier.org\/autres-frontieres\/wp-json\/wp\/v2\/pages\/445"}],"collection":[{"href":"https:\/\/www.forum-transfrontalier.org\/autres-frontieres\/wp-json\/wp\/v2\/pages"}],"about":[{"href":"https:\/\/www.forum-transfrontalier.org\/autres-frontieres\/wp-json\/wp\/v2\/types\/page"}],"author":[{"embeddable":true,"href":"https:\/\/www.forum-transfrontalier.org\/autres-frontieres\/wp-json\/wp\/v2\/users\/1"}],"replies":[{"embeddable":true,"href":"https:\/\/www.forum-transfrontalier.org\/autres-frontieres\/wp-json\/wp\/v2\/comments?post=445"}],"version-history":[{"count":6,"href":"https:\/\/www.forum-transfrontalier.org\/autres-frontieres\/wp-json\/wp\/v2\/pages\/445\/revisions"}],"predecessor-version":[{"id":588,"href":"https:\/\/www.forum-transfrontalier.org\/autres-frontieres\/wp-json\/wp\/v2\/pages\/445\/revisions\/588"}],"wp:attachment":[{"href":"https:\/\/www.forum-transfrontalier.org\/autres-frontieres\/wp-json\/wp\/v2\/media?parent=445"}],"curies":[{"name":"wp","href":"https:\/\/api.w.org\/{rel}","templated":true}]}}